0. List the prime factors of m.
3, 73
Suppose 18*t - 1500 = 15*t. What are the prime factors of t?
2, 5
Let m = -233 + 370. What are the prime factors of m?
137
Suppose -3*f = 4*u - 150 - 26, 0 = 3*f + u - 161. List the prime factors of f.
2, 13
Suppose -5*z = -5*h - 2080, z + 13*h - 415 = 15*h. What are the prime factors of z?
3, 139
Suppose 5*c = -25, -l + 3*c + 621 - 28 = 0. List the prime factors of l.
2, 17
Let l(g) = -g**3 - 3*g**2 - 7. Let o be l(-4). Suppose -o*k - 417 = -1362. List the prime factors of k.
3, 5, 7
Let t(r) = 4 - 2 + 2*r**3 + 3*r - 3. What are the prime factors of t(2)?
3, 7
Let v(m) = m**3 - m**2 - 940. Let o be v(0). List the prime factors of o/(-12) - 4/3.
7, 11
Let t = 7 - 1. Let b = t - 3. Let o(k) = 7*k + 4. List the prime factors of o(b).
5
Let m be (8/(-6))/((-1)/(-6)). Let t(q) = -12*q + 14. What are the prime factors of t(m)?
2, 5, 11
Suppose -10 = -2*f - 2*z + 6, -4*z = 2*f - 24. List the prime factors of (-9 + 0)*f*20/(-5).
2, 3
Let b = 187 + -50. Let i = -28 + b. List the prime factors of i.
109
Suppose 0 = -11*y + 3*y + 2952. Suppose 4*l + 4*c = 312, -5*l = -5*c + 3*c - y. List the prime factors of l.
3, 5
Suppose 3*p + 575 = 5*d, -3*d + 575 = 2*d + 2*p. Suppose -2*o - 3*o = -3*k + 69, d = 5*k - 4*o. List the prime factors of k.
23
Suppose 2*m - 21 = 4*h + 27, -5*h = -m + 39. Let o = m + -9. Suppose -b - o = -14. List the prime factors of b.
3
Suppose -4*j = -2*u - 18 - 16, 0 = 3*j + 3*u - 3. Let q(n) = -3*n + 4. Let o be q(j). What are the prime factors of 2/o - 310/(-14)?
2, 11
Let g be 9 - 1/2*0. Let i = g - 6. Suppose -v - i = 0, -s + 2*v = -1 - 22. What are the prime factors of s?
17
Let g be ((-90)/27)/((-4)/42). Suppose 4*b + 3*a = -g, -19 - 3 = 3*b - 2*a. What are the prime factors of -10*(2 - (-36)/b)?
5
Let m = 14 - -24. Let s = 206 - m. List the prime factors of s.
2, 3, 7
Let i = -117 - -178. Let k = -10 + i. List the prime factors of k.
3, 17
Let x(c) = 14*c**2 - 9*c - 184. List the prime factors of x(-13).
11, 19
Suppose 0 = 6*r - 98172 - 23598. List the prime factors of 1/(-4) + (r/(-20))/(-11).
2, 23
Let w(v) = 4*v**3 + v**2 + 3*v + 3. List the prime factors of w(4).
7, 41
Let t(s) = 18*s - 1. Let r be t(1). Suppose -13 = -4*y - g, -g = -5*y - 2*g + r. Suppose y*k = 6*k - 2*l - 106, -5*l = 2*k - 134. List the prime factors of k.
3, 19
Let m(s) = 11*s**3 + 10*s**2 + s - 9. Let x(j) = 7*j**3 + 7*j**2 + j - 6. Let p(c) = -5*m(c) + 8*x(c). Let w = 8 + -11. List the prime factors of p(w).
3, 5
Suppose -t = 2*m - 6*t - 7, 3*t - 9 = -m. Suppose -y + 1 = -m. List the prime factors of y.
7
Let i(w) = 31*w + 143. List the prime factors of i(24).
887
Let t(h) be the first derivative of h**3/3 - 3*h**2/2 - 9*h - 3. Let o be t(6). List the prime factors of (2 + -5)/(o/(-12)).
2
Let h = -4 + 9. Suppose -h*n - 2*b = -190, 60 = 4*n - 2*n + 4*b. Suppose c - 5*c = -2*g - n, -c = -2*g - 4. List the prime factors of c.
2, 3
Suppose k = -1 + 7. Let x be 4/(3*4/k). Suppose x*p - 3*m + 2 = 21, 0 = -p - 5*m + 29. List the prime factors of p.
2, 7
Let r(h) be the first derivative of h**3 + h - 23. Let f be (-6)/15 + (-16)/10. List the prime factors of r(f).
13
Suppose -3*c + 101 = -2*k, -137 + 24 = -3*c - 4*k. Let s be (-2)/4 - c/14. Let f = 6 - s. List the prime factors of f.
3
Suppose 5*q = -3*r + 52, 2*r - 23 = -0*r - q. Suppose 3*y - 17 = -14. Let w = r - y. List the prime factors of w.
2
Let f(d) = d**3 + 7*d**2 - 9*d - 8. Let l be f(-8). Let u be 1*-2 - l/(-1). List the prime factors of (-1790)/(-35) + u/14.
3, 17
Let v(c) be the second derivative of c**5/20 + 5*c**4/12 - 3*c**3/2 - 7*c**2 - 14*c. List the prime factors of v(-6).
2
Let q = -74 + 50. Let i = q - -12. List the prime factors of (-78)/i - 6/(-4).
2
Suppose 0*o - 4*o + 4*c = 20, o - 4*c = -14. Let n be ((-7)/(-2) - 3)*(21 - -3). Let y = o + n. List the prime factors of y.
2, 5
Let p = 448 - -364. What are the prime factors of p?
2, 7, 29
Let y = 18 - 15. Suppose -y*v + 2*k = -271, 4*v + 2*k = -3*k + 392. What are the prime factors of v?
3, 31
Suppose 6*b + 0*b = -24. What are the prime factors of 4/(-6) + b + 308/12?
3, 7
Let a(o) = 98*o + 2. Suppose -2*i + z + z + 4 = 0, -3*z = 3*i - 6. What are the prime factors of a(i)?
2, 3, 11
Suppose -29 - 16 = -5*u. Suppose t + 256 = u*t. List the prime factors of t.
2
Suppose 41 = 5*h - 89. List the prime factors of h.
2, 13
Let c(i) = -13*i - 23. Suppose 0 = 4*s - 3*f + 23, 3*s + f + 30 = -f. What are the prime factors of c(s)?
3
Let h = -12 + 16. Let i(v) = v**2 - 6*v + 10. Let s be i(h). Suppose 4*b - c = 207, 3*b - s*c = -b + 206. List the prime factors of b.
2, 13
Suppose j - 3*j = -10. Let m = j + -3. Suppose -m*s - 100 = -6*s. What are the prime factors of s?
5
Let b = 1216 + -672. List the prime factors of b.
2, 17
Let u be (-12)/78 + (-513)/(-39). Suppose j - 1 = u. What are the prime factors of j?
2, 7
Suppose 0 = c - 5*h - 1314, -c + 5164 = 3*c + 3*h. What are the prime factors of c?
2, 647
Let t(l) = 79*l**2 + 12*l - 12. What are the prime factors of t(1)?
79
List the prime factors of 5/(-25) - 5248/(-40).
131
List the prime factors of ((-230)/5 + 9)/((-2)/82).
37, 41
Suppose 4*n + 4*i + 377 - 2145 = 0, 3*n - 1322 = -4*i. What are the prime factors of n?
2, 223
Suppose -14 = -4*u + 14. Suppose -j - u*j + 976 = 0. What are the prime factors of j?
2, 61
Let w = -1083 - -1456. What are the prime factors of w?
373
Suppose -3*k - i + 220 = 0, i - 145 = -2*k - 0*k. Let v be (2/3)/((-5)/k). Let m = 24 + v. List the prime factors of m.
2, 7
Suppose -4*w = -5*m - 824, m + 4*w = -0*w - 160. Let d = m + 273. List the prime factors of d.
109
List the prime factors of (-90457)/(-153) - 4/18.
3, 197
Suppose 2*q - 5*q = -15. Suppose t + 3*x - q = 15, 4*t - x = 28. What are the prime factors of t/(-28) - (-174)/21?
2
Suppose 5*w + 5 = 25. List the prime factors of (-90)/21 + w + 256/14.
2, 3
What are the prime factors of 1/((-7)/2) + (-773338)/(-266)?
3, 17, 19
Let b be ((-8)/14)/(-2 - 65/(-35)). Suppose 0 = 3*i - 15, -4*i = -5*z - 0*i. Suppose d = b*s - 31 - 138, z*s = 5*d + 189. What are the prime factors of s?
41
Suppose 184*w - 4552 = -2*y + 185*w, y - 2281 = -2*w. List the prime factors of y.
3, 11, 23
Let i be (2 + 186/(-8))*4. Let k = -49 - i. Suppose -8 = -2*h + k. List the prime factors of h.
2, 11
Let d = -67 - -83. List the prime factors of 2644/d + (-4)/32*2.
3, 5, 11
Suppose 5*d - 84 + 9 = 0. Let t(m) = -3*m - 6. Let v be t(-3). Suppose -2*o + 6*o - 27 = -3*y, -4*y = v*o - d. What are the prime factors of o?
3
Suppose r - v = 123, 0 = 3*r + 4*v - 2*v - 354. List the prime factors of ((-27)/(-15) - 1)*r.
2, 3
Let x be 60/2*50/(-125). List the prime factors of (-2)/(-3) - (-7 + 3256/x).
3, 31
List the prime factors of (-840)/(-10) + -4 + -1 + 3.
2, 41
Let m be 2/(-6) - 560/(-24). Suppose 3*f - 91 = m. List the prime factors of f.
2, 19
What are the prime factors of -6 + 1 - (29 - 481)?
3, 149
Suppose -q + 1 = c, -6 = -2*q - c - 0. Suppose 0 = -q*k - 16 + 31. What are the prime factors of k?
3
Suppose 28 = 7*l - 1225. List the prime factors of l.
179
Suppose -123 = 3*v - 1191. Suppose -111*q + v = -107*q. What are the prime factors of q?
89
Let f(y) = 4*y**2 - 11*y + 7. Let i be f(5). Suppose a + 0*a + i = u, 207 = 4*u - 5*a. What are the prime factors of u?
53
Let i(d) = -d**3 + 8*d**2 + 10*d + 13. Let p be i(9). Suppose -5*t - p = -y, -6*y + 110 = -y + 4*t. Let x = y - 14. What are the prime factors of x?
2
Suppose 10*m - 3672 = 9638. What are the prime factors of m?
11
Let a be 4 + 0 + -22 + 73. Suppose 250 = 5*c - a. What are the prime factors of c?
61
Let d = 374 - -142. What are the prime factors of d?
2, 3, 43
Suppose 0 = -5*u + 3*l + 1260, -2*u = -5*l + 10*l - 473. Let n = 488 - u. List the prime factors of n.
239
Let m(t) be the second derivative of -3*t**5/5 - t**3/6 + t**2/2 - 5*t. Let f be m(1). List the prime factors of f/9*(1 - 7).
2
Suppose 2*g - 1752 = -4*g. List the prime factors of g.
2, 73
Let k be 21/(-14)*((1 - -1) + 0). What are the prime factors of k/2 - (-627)/22?
3
Let h(l) = -l**2 - 7*l - 11. Let x(b) = -b + 4. Let g be x(9). Let n be h(g). What are the prime factors of (66/77)/(n/(-28))?
2, 3
Suppose 3*j - 5*o = 3587, 2*o - 4181 = -4*j + 567. List the prime factors of 